{"id":6,"date":"2021-11-17T16:12:39","date_gmt":"2021-11-17T16:12:39","guid":{"rendered":"http:\/\/fexas.ca\/narraciones\/?page_id=6"},"modified":"2022-08-17T11:58:35","modified_gmt":"2022-08-17T11:58:35","slug":"acerca-de","status":"publish","type":"page","link":"https:\/\/fexas.ca\/narraciones\/acerca-de\/","title":{"rendered":"Acerca de Ram\u00f3n Fexas"},"content":{"rendered":"\n<p>Ram\u00f3n Fexas es un mexicano que lleva m\u00e1s de treinta a\u00f1os viviendo en Canad\u00e1, sin que por ello haya olvidado ni sus ra\u00edces ni el amor profundo por M\u00e9xico.<\/p>\n\n\n\n<p>Inform\u00e1tico de profesi\u00f3n, actor ocasional, escritor por vocaci\u00f3n y fot\u00f3grafo por pasi\u00f3n.<\/p>\n\n\n\n<p>Particip\u00f3 en varios talleres art\u00edsticos de la Casa del Lago, en la ciudad de M\u00e9xico, de creaci\u00f3n po\u00e9tica, de cuento, de fotograf\u00eda y de cine. Tambi\u00e9n ha tomado varios cursos en la Ottawa School of Art y ha sido miembro activo de: RA Photo Club, <em>Club<\/em>\u00a0de photographie\u00a0<em>Polaris\u00e9<\/em>\u00a0de l&#8217;<em>Outaouais<\/em> y Camera Club of Ottawa.<\/p>\n\n\n\n<p>Ha sido colaborador frecuente de El Eco Latino de Ottawa, siendo autor de las r\u00fabricas Parnaso fugaz, Deambulares, Br\u00fajula inform\u00e1tica, Butaca y Bit\u00e1cora chiapaneca. Fue redactor en jefe de El Peregrino, maestro de historia de una escuela comunitaria y colaborador ocasional de los programas radiof\u00f3nicos Onda Latina y Amanecer Ranchero.<\/p>\n\n\n\n<p>Sus relatos, poes\u00edas y fotograf\u00edas han aparecido en varias antolog\u00edas y exposiciones (Entrecruzados, \u00a1Oh Canad\u00e1!, M\u00e9xico en Canad\u00e1, Brevirus, Arte y Literatura Hispanocanadiense, Exposici\u00f3n 500 a\u00f1os del Quijote, 25\u00e9me anniversaire du Club Polaris\u00e9  y Art Expressions: An Insight into the work of Mexican talent in Canada).<\/p>\n\n\n\n<p>Es el autor de las ilustraciones del libro Para Continuar.<\/p>\n\n\n\n<p>Ram\u00f3n ha actuado en las obras La Entrevista y en Tiempo de ser.<\/p>\n","protected":false},"excerpt":{"rendered":"<p>Ram\u00f3n Fexas es un mexicano que lleva m\u00e1s de treinta a\u00f1os viviendo en Canad\u00e1, sin que por ello haya olvidado ni sus ra\u00edces ni el amor profundo por M\u00e9xico. Inform\u00e1tico de profesi\u00f3n, actor ocasional, escritor por vocaci\u00f3n y fot\u00f3grafo por pasi\u00f3n. Particip\u00f3 en varios talleres art\u00edsticos de la Casa del Lago, en la ciudad de&hellip; <a class=\"more-link\" href=\"https:\/\/fexas.ca\/narraciones\/acerca-de\/\">Seguir leyendo <span class=\"screen-reader-text\">Acerca de Ram\u00f3n Fexas<\/span><\/a><\/p>\n","protected":false},"author":1,"featured_media":0,"parent":0,"menu_order":0,"comment_status":"closed","ping_status":"closed","template":"","meta":{"footnotes":""},"class_list":["post-6","page","type-page","status-publish","hentry","entry"],"_links":{"self":[{"href":"https:\/\/fexas.ca\/narraciones\/wp-json\/wp\/v2\/pages\/6","targetHints":{"allow":["GET"]}}],"collection":[{"href":"https:\/\/fexas.ca\/narraciones\/wp-json\/wp\/v2\/pages"}],"about":[{"href":"https:\/\/fexas.ca\/narraciones\/wp-json\/wp\/v2\/types\/page"}],"author":[{"embeddable":true,"href":"https:\/\/fexas.ca\/narraciones\/wp-json\/wp\/v2\/users\/1"}],"replies":[{"embeddable":true,"href":"https:\/\/fexas.ca\/narraciones\/wp-json\/wp\/v2\/comments?post=6"}],"version-history":[{"count":2,"href":"https:\/\/fexas.ca\/narraciones\/wp-json\/wp\/v2\/pages\/6\/revisions"}],"predecessor-version":[{"id":147,"href":"https:\/\/fexas.ca\/narraciones\/wp-json\/wp\/v2\/pages\/6\/revisions\/147"}],"wp:attachment":[{"href":"https:\/\/fexas.ca\/narraciones\/wp-json\/wp\/v2\/media?parent=6"}],"curies":[{"name":"wp","href":"https:\/\/api.w.org\/{rel}","templated":true}]}}

Acerca de Ramón Fexas

<p>Ramón Fexas es un mexicano que lleva más de treinta años viviendo en Canadá, sin que por ello haya olvidado ni sus raíces ni el amor profundo por México.</p>



<p>Informático de profesión, actor ocasional, escritor por vocación y fotógrafo por pasión.</p>



<p>Participó en varios talleres artísticos de la Casa del Lago, en la ciudad de México, de creación poética, de cuento, de fotografía y de cine. También ha tomado varios cursos en la Ottawa School of Art y ha sido miembro activo de: RA Photo Club, <em>Club</em> de photographie <em>Polarisé</em> de l&#8217;<em>Outaouais</em> y Camera Club of Ottawa.</p>



<p>Ha sido colaborador frecuente de El Eco Latino de Ottawa, siendo autor de las rúbricas Parnaso fugaz, Deambulares, Brújula informática, Butaca y Bitácora chiapaneca. Fue redactor en jefe de El Peregrino, maestro de historia de una escuela comunitaria y colaborador ocasional de los programas radiofónicos Onda Latina y Amanecer Ranchero.</p>



<p>Sus relatos, poesías y fotografías han aparecido en varias antologías y exposiciones (Entrecruzados, ¡Oh Canadá!, México en Canadá, Brevirus, Arte y Literatura Hispanocanadiense, Exposición 500 años del Quijote, 25éme anniversaire du Club Polarisé  y Art Expressions: An Insight into the work of Mexican talent in Canada).</p>



<p>Es el autor de las ilustraciones del libro Para Continuar.</p>



<p>Ramón ha actuado en las obras La Entrevista y en Tiempo de ser.</p>

<p>Ramón Fexas es un mexicano que lleva más de treinta años viviendo en Canadá, sin que por ello haya olvidado ni sus raíces ni el amor profundo por México. Informático de profesión, actor ocasional, escritor por vocación y fotógrafo por pasión. Participó en varios talleres artísticos de la Casa del Lago, en la ciudad de&hellip; <a class="more-link" href="https://fexas.ca/narraciones/acerca-de/">Seguir leyendo <span class="screen-reader-text">Acerca de Ramón Fexas</span></a></p>
