{"id":136,"date":"2022-01-14T01:26:18","date_gmt":"2022-01-14T01:26:18","guid":{"rendered":"http:\/\/fexas.ca\/narraciones\/?page_id=136"},"modified":"2022-01-14T03:59:45","modified_gmt":"2022-01-14T03:59:45","slug":"colaboraciones-eco-latino","status":"publish","type":"page","link":"https:\/\/fexas.ca\/narraciones\/crea-tu-web-con-bloques\/colaboraciones-eco-latino\/","title":{"rendered":"Colaboraciones aparecidas en el Eco Latino de Ottawa"},"content":{"rendered":"\n<p>Eco Latino es una peri\u00f3dico de aparici\u00f3n mensual, editado y distribuido en la regi\u00f3n de la capital de Canad\u00e1, en ambas m\u00e1rgenes del r\u00edo Ottawa. Se viene publicando de forma ininterrumpida desde 1990. En la d\u00e9cada de los noventa, antes de que las redes sociales cobrasen importancia como m\u00e9todos populares de comunicaci\u00f3n el Eco latino me brind\u00f3 la oportunidad para expresarme y compartir con otros castellano hablantes algunas posibles afinidades y varias de mis inquietudes. Mis diferentes colaboraciones se agruparon bajo diferentes r\u00fabricas que portaban mi firma. Aqu\u00ed incluyo algunos de estos escritos que he recuperado de antiguos archivos inform\u00e1ticos que lograron sobrevivir a varios cambios de equipo y formato de documentos (los primeros fueron escritos usando WordPerfect, que abandon\u00e9 a\u00f1os despu\u00e9s, pasando a Word y finalmente a Libre Office.  <\/p>\n\n\n\n<ul class=\"wp-block-list\"><li>Br\u00fajula Inform\u00e1tica. Esta secci\u00f3n me abri\u00f3 las puertas del peri\u00f3dico ya que su due\u00f1o intuy\u00f3 que tocar\u00eda temas que debieran haber interesado al publico de aquel entonces que apenas comenzaba a familiarizarse con conceptos noveles como el internet.<\/li><li>Parnaso Fugaz. La poes\u00eda siempre me ha gustado, esta r\u00fabrica era mi favorita, aunque, pese a mi fascinaci\u00f3n, no necesariamente la m\u00e1s apreciada.<\/li><li>Deambulares. Mi gran pasatiempo es viajar. El entusiasmo que siento al conocer nuevos lugares o al reconocer en estos los monumentos o edificios que alguna vez so\u00f1\u00e9 en conocer es algo que disfruto compartir.<\/li><li>Butaca. Aqu\u00ed comentaba pel\u00edculas u obras de teatro que hab\u00eda visto y que consideraba que otras personas tambi\u00e9n podr\u00edan disfrutar.<\/li><li>Bit\u00e1cora Chiapaneca. Tras la matanza de Acteal (45 personas asesinadas el 22 de diciembre de 1997. La mayor\u00eda de aquellas v\u00edctimas eran mujeres o menores de edad, salvajemente masacradas mientras oraban en un templo), se organiz\u00f3 en Ottawa un comit\u00e9 de solidaridad con el pueblo chiapaneco. Yo me encargu\u00e9 de difundir sus actos y darle seguimiento en El Eco Latino a la actualidad en el estado de Chiapas. <\/li><\/ul>\n","protected":false},"excerpt":{"rendered":"<p>Eco Latino es una peri\u00f3dico de aparici\u00f3n mensual, editado y distribuido en la regi\u00f3n de la capital de Canad\u00e1, en ambas m\u00e1rgenes del r\u00edo Ottawa. Se viene publicando de forma ininterrumpida desde 1990. En la d\u00e9cada de los noventa, antes de que las redes sociales cobrasen importancia como m\u00e9todos populares de comunicaci\u00f3n el Eco latino&hellip; <a class=\"more-link\" href=\"https:\/\/fexas.ca\/narraciones\/crea-tu-web-con-bloques\/colaboraciones-eco-latino\/\">Seguir leyendo <span class=\"screen-reader-text\">Colaboraciones aparecidas en el Eco Latino de Ottawa<\/span><\/a><\/p>\n","protected":false},"author":1,"featured_media":0,"parent":5,"menu_order":0,"comment_status":"closed","ping_status":"closed","template":"","meta":{"footnotes":""},"class_list":["post-136","page","type-page","status-publish","hentry","entry"],"_links":{"self":[{"href":"https:\/\/fexas.ca\/narraciones\/wp-json\/wp\/v2\/pages\/136","targetHints":{"allow":["GET"]}}],"collection":[{"href":"https:\/\/fexas.ca\/narraciones\/wp-json\/wp\/v2\/pages"}],"about":[{"href":"https:\/\/fexas.ca\/narraciones\/wp-json\/wp\/v2\/types\/page"}],"author":[{"embeddable":true,"href":"https:\/\/fexas.ca\/narraciones\/wp-json\/wp\/v2\/users\/1"}],"replies":[{"embeddable":true,"href":"https:\/\/fexas.ca\/narraciones\/wp-json\/wp\/v2\/comments?post=136"}],"version-history":[{"count":4,"href":"https:\/\/fexas.ca\/narraciones\/wp-json\/wp\/v2\/pages\/136\/revisions"}],"predecessor-version":[{"id":141,"href":"https:\/\/fexas.ca\/narraciones\/wp-json\/wp\/v2\/pages\/136\/revisions\/141"}],"up":[{"embeddable":true,"href":"https:\/\/fexas.ca\/narraciones\/wp-json\/wp\/v2\/pages\/5"}],"wp:attachment":[{"href":"https:\/\/fexas.ca\/narraciones\/wp-json\/wp\/v2\/media?parent=136"}],"curies":[{"name":"wp","href":"https:\/\/api.w.org\/{rel}","templated":true}]}}

<p>Eco Latino es una periódico de aparición mensual, editado y distribuido en la región de la capital de Canadá, en ambas márgenes del río Ottawa. Se viene publicando de forma ininterrumpida desde 1990. En la década de los noventa, antes de que las redes sociales cobrasen importancia como métodos populares de comunicación el Eco latino me brindó la oportunidad para expresarme y compartir con otros castellano hablantes algunas posibles afinidades y varias de mis inquietudes. Mis diferentes colaboraciones se agruparon bajo diferentes rúbricas que portaban mi firma. Aquí incluyo algunos de estos escritos que he recuperado de antiguos archivos informáticos que lograron sobrevivir a varios cambios de equipo y formato de documentos (los primeros fueron escritos usando WordPerfect, que abandoné años después, pasando a Word y finalmente a Libre Office.  </p>



<ul class="wp-block-list"><li>Brújula Informática. Esta sección me abrió las puertas del periódico ya que su dueño intuyó que tocaría temas que debieran haber interesado al publico de aquel entonces que apenas comenzaba a familiarizarse con conceptos noveles como el internet.</li><li>Parnaso Fugaz. La poesía siempre me ha gustado, esta rúbrica era mi favorita, aunque, pese a mi fascinación, no necesariamente la más apreciada.</li><li>Deambulares. Mi gran pasatiempo es viajar. El entusiasmo que siento al conocer nuevos lugares o al reconocer en estos los monumentos o edificios que alguna vez soñé en conocer es algo que disfruto compartir.</li><li>Butaca. Aquí comentaba películas u obras de teatro que había visto y que consideraba que otras personas también podrían disfrutar.</li><li>Bitácora Chiapaneca. Tras la matanza de Acteal (45 personas asesinadas el 22 de diciembre de 1997. La mayoría de aquellas víctimas eran mujeres o menores de edad, salvajemente masacradas mientras oraban en un templo), se organizó en Ottawa un comité de solidaridad con el pueblo chiapaneco. Yo me encargué de difundir sus actos y darle seguimiento en El Eco Latino a la actualidad en el estado de Chiapas. </li></ul>

<p>Eco Latino es una periódico de aparición mensual, editado y distribuido en la región de la capital de Canadá, en ambas márgenes del río Ottawa. Se viene publicando de forma ininterrumpida desde 1990. En la década de los noventa, antes de que las redes sociales cobrasen importancia como métodos populares de comunicación el Eco latino&hellip; <a class="more-link" href="https://fexas.ca/narraciones/crea-tu-web-con-bloques/colaboraciones-eco-latino/">Seguir leyendo <span class="screen-reader-text">Colaboraciones aparecidas en el Eco Latino de Ottawa</span></a></p>
